{"id":50,"date":"2017-02-13T20:18:54","date_gmt":"2017-02-13T19:18:54","guid":{"rendered":"http:\/\/r\u00fcgen\u00fcberdasjahr.de\/?page_id=50"},"modified":"2017-03-05T16:47:55","modified_gmt":"2017-03-05T15:47:55","slug":"warum-dieser-blog","status":"publish","type":"page","link":"http:\/\/r\u00fcgen\u00fcberdasjahr.de\/?page_id=50","title":{"rendered":"Warum dieser Blog?"},"content":{"rendered":"<p>Kennt ihr das: Man fotografiert bei jedem Ausflug und in jedem Urlaub. Dann zeigt man die Bilder den Freunden und der Familie und vielleicht gestaltet man noch ein Fotobuch oder einen Kalender. Dann werden die Fotos auf der Festplatte abgelegt und versauern dort.<\/p>\n<p>So ging es mir vor einer Weile. Ich sah den \u201eBerg\u201c an Fotodaten und irgendwie taten sie mir leid. Da kam mir die Idee mit dem Blog. Warum nicht ein dynamisches Fotoalbum online gestalten? Da k\u00f6nnte ich meine Fotos auch gleich mit der passenden Geschichte verbinden und h\u00e4tte noch bessere Erinnerungen.<\/p>\n<p>Da mich die online verf\u00fcgbaren Infos zu Wanderrouten auf R\u00fcgen noch nicht so \u00fcberzeugten, kam mir die Idee, die Fotos mit meinen Wandertouren zu verbinden.<br \/>\nAls ich \u00fcber meine Mama auf den Routen-Planer und -Aufzeichner <a href=\"http:\/\/r\u00fcgen\u00fcberdasjahr.de\/?page_id=78\">komoot <\/a>stie\u00df, hatte ich auch ein gutes Werkzeug f\u00fcr mein Vorhaben.<\/p>\n<p>Hier also mein erster Schritt in die Welt der Blogger. Vielleicht findet ja der ein oder andere eine Anregung f\u00fcr Ausfl\u00fcge auf \u201emeiner\u201c Insel R\u00fcgen.<\/p>\n<div class=\"likebtn_container\" style=\"text-align:center;\"><!-- LikeBtn.com BEGIN --><span class=\"likebtn-wrapper\"  data-identifier=\"page_50\"  data-site_id=\"5a9844b2fa8fdf5132f457c0\"  data-theme=\"heartcross\"  data-lang=\"de\"  data-ef_voting=\"push\"  data-show_dislike_label=\"true\"  data-i18n_like=\"Find ich gut\"  data-i18n_dislike=\"Nicht so doll\"  data-style=\"\"  data-unlike_allowed=\"\"  data-show_copyright=\"\"  data-item_url=\"http:\/\/r\u00fcgen\u00fcberdasjahr.de\/?page_id=50\"  data-item_title=\"Warum dieser Blog?\"  data-item_date=\"2017-02-13T20:18:54+01:00\"  data-engine=\"WordPress\"  data-plugin_v=\"2.6.59\"  data-prx=\"http:\/\/xn--rgenberdasjahr-gsbd.de\/wp-admin\/admin-ajax.php?action=likebtn_prx\"  data-event_handler=\"likebtn_eh\" ><\/span><!-- LikeBtn.com END --><\/div>","protected":false},"excerpt":{"rendered":"<p>Kennt ihr das: Man fotografiert bei jedem Ausflug und in jedem Urlaub. Dann zeigt man die Bilder den Freunden und der Familie und vielleicht gestaltet man noch ein Fotobuch oder einen Kalender. Dann werden die Fotos auf der Festplatte abgelegt und versauern dort. So ging es mir vor einer Weile. Ich sah den \u201eBerg\u201c an&#8230;<\/p>\n<div class=\"likebtn_container\" style=\"text-align:center;\"><!-- LikeBtn.com BEGIN --><span class=\"likebtn-wrapper\"  data-identifier=\"page_50\"  data-site_id=\"5a9844b2fa8fdf5132f457c0\"  data-theme=\"heartcross\"  data-lang=\"de\"  data-ef_voting=\"push\"  data-show_dislike_label=\"true\"  data-i18n_like=\"Find ich gut\"  data-i18n_dislike=\"Nicht so doll\"  data-style=\"\"  data-unlike_allowed=\"\"  data-show_copyright=\"\"  data-item_url=\"http:\/\/r\u00fcgen\u00fcberdasjahr.de\/?page_id=50\"  data-item_title=\"Warum dieser Blog?\"  data-item_date=\"2017-02-13T20:18:54+01:00\"  data-engine=\"WordPress\"  data-plugin_v=\"2.6.59\"  data-prx=\"http:\/\/xn--rgenberdasjahr-gsbd.de\/wp-admin\/admin-ajax.php?action=likebtn_prx\"  data-event_handler=\"likebtn_eh\" ><\/span><!-- LikeBtn.com END --><\/div>","protected":false},"author":2,"featured_media":0,"parent":0,"menu_order":0,"comment_status":"closed","ping_status":"closed","template":"","meta":{"ngg_post_thumbnail":0,"footnotes":""},"class_list":["post-50","page","type-page","status-publish","hentry"],"aioseo_notices":[],"_links":{"self":[{"href":"http:\/\/r\u00fcgen\u00fcberdasjahr.de\/index.php?rest_route=\/wp\/v2\/pages\/50","targetHints":{"allow":["GET"]}}],"collection":[{"href":"http:\/\/r\u00fcgen\u00fcberdasjahr.de\/index.php?rest_route=\/wp\/v2\/pages"}],"about":[{"href":"http:\/\/r\u00fcgen\u00fcberdasjahr.de\/index.php?rest_route=\/wp\/v2\/types\/page"}],"author":[{"embeddable":true,"href":"http:\/\/r\u00fcgen\u00fcberdasjahr.de\/index.php?rest_route=\/wp\/v2\/users\/2"}],"replies":[{"embeddable":true,"href":"http:\/\/r\u00fcgen\u00fcberdasjahr.de\/index.php?rest_route=%2Fwp%2Fv2%2Fcomments&post=50"}],"version-history":[{"count":4,"href":"http:\/\/r\u00fcgen\u00fcberdasjahr.de\/index.php?rest_route=\/wp\/v2\/pages\/50\/revisions"}],"predecessor-version":[{"id":199,"href":"http:\/\/r\u00fcgen\u00fcberdasjahr.de\/index.php?rest_route=\/wp\/v2\/pages\/50\/revisions\/199"}],"wp:attachment":[{"href":"http:\/\/r\u00fcgen\u00fcberdasjahr.de\/index.php?rest_route=%2Fwp%2Fv2%2Fmedia&parent=50"}],"curies":[{"name":"wp","href":"https:\/\/api.w.org\/{rel}","templated":true}]}}